s the tens digit of h?
7
Suppose 0 = -89*u + 12077 + 671087. What is the tens digit of u?
7
Let q be 4/((4 - 1) + 22/(-10)). Suppose 0 = -q*x - 2*l - 267 + 2110, -4*l = 4*x - 1472. What is the hundreds digit of x?
3
Let p(m) = 0*m**3 + 2*m**3 - 3 - 4 - 9*m**2. Suppose 24*f - 13 = 25*f - 4*t, -2*f - t + 19 = 0. What is the tens digit of p(f)?
3
Let f(u) = -60 + 0*u - 18 + 7*u + 46. Let m(a) = a**3 + a**2 + 2*a + 1. Let w be m(2). What is the tens digit of f(w)?
8
Let h(l) = 1392*l**2 + 9*l + 9. What is the tens digit of h(-1)?
9
Suppose -128837 + 1627059 = 198*f - 352484. What is the thousands digit of f?
9
Let p(k) = -585*k + 9428. What is the hundreds digit of p(-16)?
7
Suppose 18*b = -4*b + 18480. Suppose -b - 3156 = -4*y. What is the hundreds digit of y?
9
What is the thousands digit of -5 - (-95 + (2 - 3))/((-199)/(-15522))?
7
Let k(m) = 168*m**2 - 4*m - 48. What is the hundreds digit of k(5)?
1
Let x(s) = 56*s**3 - 2*s**2 + 4*s - 2. Let i be x(1). Let v = i + -53. Suppose -v*b + 11 = -64. What is the units digit of b?
5
Let z(m) = m**3 - 5*m**2 + 3*m - 32. Let g be z(-5). Let a = 75 - g. What is the tens digit of a?
7
Suppose 36*f + 3*a = 38*f - 20383, 4*f = 3*a + 40781. What is the thousands digit of f?
0
Suppose 3*v - z = 4*z - 19, 0 = z - 5. Let l(t) = -6*t + 2*t**v + 26 - 4*t + 0 - 3*t. What is the units digit of l(7)?
3
What is the ten thousands digit of 1539845/20 - (4 + (-165)/44)?
7
Suppose -2*o - o + 4*p + 20 = 0, -p = -5*o + 22. Let f be (-4 - -2)*(-3 + o). What is the hundreds digit of f*(-326)/4 - (13 - 10)?
1
Let f(c) = 11*c**2 + 80*c - 276. What is the ten thousands digit of f(-45)?
1
Let n(c) be the second derivative of 37*c**3/2 - 8*c**2 + 69*c. What is the hundreds digit of n(7)?
7
Suppose 2*a = 4*q - 12, -3*a = -0*a + 5*q - 4. Let i = a + 4. What is the units digit of 1 + 192/9 - i/6?
2
Let u(f) be the first derivative of -6*f**2 + 178*f - 161. What is the units digit of u(-15)?
8
Let u be (-52)/(-234) + (0 - 75/(-27)). Let f(h) = 29*h**3 + 5*h**2 - 3*h + 3. What is the units digit of f(u)?
2
Let z be 3/2*((-12)/9 + 4). Suppose i = -z*i. Let b(o) = 3*o**2 + o + 44. What is the units digit of b(i)?
4
Let x = 765 + -450. Suppose 627 = 2*a + x. What is the units digit of a?
6
Let w(s) be the first derivative of -s**5/60 + 13*s**4/24 + 2*s**3 - 2*s**2 + 14. Let z(a) be the second derivative of w(a). What is the units digit of z(12)?
4
Suppose 0 = -5*p - 2*r + 4*r - 7, -2*p + 2*r - 4 = 0. Let j(t) = 58*t**2 + 2. Let k be j(p). Let c = k + 7. What is the units digit of c?
7
Let i = 15 + -16. Let v be ((-2)/(-4)*i)/(5/160). Let f = 73 + v. What is the units digit of f?
7
Suppose -8 = 3*v - 2, -o = -v - 11. What is the hundreds digit of 5/15 + -5*(-1371)/o?
7
Suppose 23*y - 353100 = -32*y. What is the thousands digit of y?
6
Let n(i) = 4*i**2 - 7*i - 22. Suppose p + 2*v - 16 = 0, -3*p = 5*v - 4 - 40. What is the tens digit of n(p)?
7
Let z = -65 - -100. Let x = -28 + z. Suppose -x*j + 2*j = -15. What is the units digit of j?
3
Suppose 3566437 = 531*a - 13328896 - 21297904. What is the thousands digit of a?
1
Suppose -5*r - 3805 = -5*p, 16*r = -p + 14*r + 770. What is the hundreds digit of p?
7
Suppose 2*q = -97 - 139. Let n = 102 + q. What is the tens digit of -10*(15 + n)/(2/2)?
1
Suppose 2*d + 3*d = 5*s + 20, -4*d + 6 = -2*s. Let l be (-2 + 7 - 0)/(d + 0). What is the units digit of -2 + ((-6)/2 - l) + 254?
4
What is the thousands digit of 5 - -927*(-7 - 2 - -14)?
4
Let w(u) = -u**3 - u**2 + 4*u. Let c be w(-3). Let s be 1/c + 15402/36. Suppose -s = -3*i + 223. What is the hundreds digit of i?
2
Let z(g) = 113*g**2 + 3*g + 7. What is the ten thousands digit of z(-17)?
3
Let d(k) = -16*k + 13. Suppose 5*x - 28 = x. Let f be d(x). Let c = f + 152. What is the tens digit of c?
5
Let k(l) = 9*l**2 - 19*l - 283. What is the thousands digit of k(64)?
5
Let n be (-1508)/(-20) + (-6)/15. What is the hundreds digit of ((-132)/10)/(6 - 456/n)?
1
Let j be (-11)/(8/(-16)*2). Let n(c) = 2*c**3 - 13*c**2 + 18*c - 64. What is the units digit of n(j)?
3
Suppose 436*w - 438*w = 194. Let q = -47 - w. What is the tens digit of q?
5
Suppose 67*t - 57*t = 10. What is the tens digit of (t*(3 - 2) - -1)*682?
6
Suppose 5*d + 7*b - 44 = 10*b, 4*b = 5*d - 47. Suppose -l = -3*z + 4*l - 7, z = -3*l - d. What is the tens digit of 70*(z + (-11)/(-2))?
0
Suppose 29*u + 26*u - 16970 = 45*u. What is the thousands digit of u?
1
Suppose -4*u + 10 + 18 = 0. Suppose k + u = 3. Let m(f) = -3*f**3 - 3*f**2 + 7*f - 5. What is the hundreds digit of m(k)?
1
Let q = 20 - 15. Suppose 4*c - 20 = 0, -5*c - 160 = q*v + 55. Let d = -8 - v. What is the units digit of d?
0
Suppose -2*a - a + 36516 = 3*d, 0 = 2*d + 3*a - 24350. What is the tens digit of d?
6
Let h(b) = -4 + 0 + b**3 + 8 + 18*b**2 - 12*b - 5. Let p be h(-17). Suppose 123 = -3*d + p. What is the hundreds digit of d?
1
Suppose 19*z - 8 = 17*z. Suppose -z*h - 4 = 0, 3*a - 5*h = -h + 1228. Suppose o = t - 102, 4*t - 2*o + 7*o - a = 0. What is the units digit of t?
2
Let h(a) be the first derivative of 25 + 2*a - 1/2*a**2. What is the tens digit of h(-27)?
2
Suppose -4*w + 0*z - 2*z = -8, 12 = 3*z. Let x be -2*475/(-10) + (0 - w). Suppose 3*k - 58 = x. What is the tens digit of k?
5
Suppose 4*q - 2*o - 2*o - 36 = 0, 0 = -3*q - 2*o + 2. Suppose -4*r + 2*r = -q. Suppose 59 = r*c - 153. What is the units digit of c?
6
Let k(z) = 51*z**2 + 12*z - 10. Let x be k(5). Let d = 1950 - x. What is the units digit of d?
5
Suppose 3*u + 980 = 5*a, 2031*u = 2029*u - 10. What is the hundreds digit of a?
1
Suppose n + 2*k = 1468, 3*n + 0*n - 4350 = 3*k. What is the tens digit of n?
5
What is the hundreds digit of (9/(-6)*(-4)/(-6) - -7) + 10376?
3
Let t(v) = v**3 - v + 1. Let n be t(1). Let b(g) = 836*g**2 + 12*g - 11. What is the units digit of b(n)?
7
Suppose -4*c - 6 = -2*u - 0, 0 = -3*u + 2*c + 21. Let t be (-630)/(-12)*(-1)/(1/(-2)). Suppose 4*y - u*y + t = 0. What is the tens digit of y?
2
Suppose 1 = g - 3. Suppose -11 = w - 4*y - 3, 0 = -g*w - 5*y - 11. Let s(u) = 3*u**2 + 4*u + 4. What is the tens digit of s(w)?
3
Let v be 84/462 + (-840)/22. Let j = 134 + v. What is the units digit of j?
6
Let b = 357 - -5260. What is the hundreds digit of b?
6
Suppose 5*j - 242189 = 14*d - 17*d, 2*d = j - 48430. What is the tens digit of j?
3
Let s(k) = -43*k + 27. Let d be 24/18*-12 - -4. What is the hundreds digit of s(d)?
5
Let i(v) = -102*v + 195*v - 34 - 111*v. What is the units digit of i(-11)?
4
Let u(m) be the third derivative of 7*m**6/720 - 17*m**5/60 - 3*m**4/2 - 22*m**2. Let j(a) be the second derivative of u(a). What is the tens digit of j(11)?
4
Suppose -4*d - 1 = 3, 4*p + 3*d - 31313 = 0. What is the hundreds digit of p?
8
Suppose 5*l = -4*c - 2530, 3*c + 2*c = -4*l - 2015. What is the units digit of (13/((-520)/32))/(4/l)?
2
Suppose 3*c + 38564 = 2*x, 38560 = 2*x - 46*c + 41*c. What is the thousands digit of x?
9
Suppose 205 = -18*t - 155. What is the units digit of (224/80)/((-2)/t)?
8
Suppose 2*b - 16 = -2*b. Suppose p + b*p = 1230. What is the units digit of (3/(-36)*4)/((-2)/p)?
1
What is the units digit of (-8 - (-7983)/(-54))*-6?
5
Let t = -8220 + 15486. What is the thousands digit of t?
7
Suppose -3*c - 2*c = -3*t + 713, -478 = -2*t + 4*c. Let w = t + -217. What is the units digit of w?
4
Let p(b) = 36*b**2 + 11*b - 10. Let s be 4/(-1) - 3 - (-3 - -2). Let d be p(s). What is the units digit of 14/(-49) + d/7?
4
Let u(m) = 2*m**3 + 14*m**2 + 5*m - 7. Let l be u(-7). What is the hundreds digit of ((-2)/(l/119))/((-2)/(-126))?
3
Let c = 25095 + -13627. What is the ten thousands digit of c?
1
Let m(j) = 2*j**2 + 11*j + 11. Let u be m(-5). What is the hundreds digit of (-16)/u*9*(-4092)/144?
6
Suppose 2*h - 3*o - 15 = 0, -o = 3*h + 9 - 4. Let g = 5 + h. What is the units digit of g/(20/112) + -1?
7
Let z(q) = -q**2 - 11*q - 12. Let f be z(-8). Let d(k) = -1 - 16 + 22*k - 4*k - 5*k**2 - 8*k**2 + k**3. What is the tens digit of d(f)?
5
What is the hundreds digit of ((-76)/5)/(((-63)/11835)/7)?
9
Suppose 8*k + 12 = 10*k - 5*q, 2*k = -q. Let i(m) = 317*m**2 - 5*m + 4. What is the tens digit of i(k)?
1
Let r = 109743 + -72569. What is the ten thousands digit of r?
3
Suppose 0*n = -5*n + 25. Suppose -1357 = -4*q + 4*c - 